4. Suppose 12*k - 1374 = -i*w + 8*k, -5*w + 5*k = -3495. Is w composite?
True
Let b(x) = -689*x + 17. Is b(-4) prime?
False
Let i(g) = 8*g**2 - 12*g - 3. Let a be i(10). Suppose a = 4*q - 879. Let s = q + -256. Is s prime?
False
Let l(f) = f**2 - 6. Let y be l(-3). Suppose -8*w = -y*w - 235. Is w a prime number?
True
Suppose -3*p - 97282 = -4*g - 18845, 5*g = -4*p + 98085. Is g a prime number?
False
Let q(b) be the first derivative of b**6/45 + b**5/24 + 5*b**4/24 + 11*b**3/3 + 9. Let w(h) be the third derivative of q(h). Is w(-12) composite?
False
Let h = 19066 + -12663. Is h composite?
True
Let t be (-414)/12*(548/3)/(-1). Let i = t + -2497. Is i composite?
True
Let f be ((-9)/21 + (-12146)/14)*2. Let z = f + 2973. Is z a composite number?
False
Let r(t) be the second derivative of -1/2*t**2 - 1/20*t**5 - 1/2*t**4 - 3*t + 5/6*t**3 + 0. Is r(-7) prime?
True
Let c be 2271*8/(-14)*(-42)/12. Is c/5 - 2 - 9/(-15) a composite number?
False
Let f be (1*433)/(-6 + 7). Suppose 4*z - f = -3*y, 0 = 3*z + 2*y - 4*y - 312. Let q = 164 - z. Is q a prime number?
False
Suppose 0 = -3*b - 5*g - 106, 0*b - 4*g + 61 = -3*b. Let u be (-462)/5 - (-6)/15. Let h = b - u. Is h prime?
False
Suppose 3*f - 7*f = -12, -24 = -3*i - 4*f. Suppose -i*h - h = 0. Let r(x) = -x + 217. Is r(h) a composite number?
True
Suppose 4*k - 5*n = 599, -605 = -4*k + 4*n - 5. Let o = k - 2. Is o a prime number?
True
Let r = 12 - 15. Let d be (r/(-3))/(-1)*-1926. Let s = d - 1061. Is s a composite number?
True
Let d(x) = 75*x**2 - 9*x + 13. Suppose 54*p + 4 = 56*p. Is d(p) composite?
True
Suppose -5*s = 5*w - 160585, -4*w - 32117 = -5*w - 3*s. Is w a composite number?
False
Let s = 648 - 237. Suppose -3*t + 3276 + s = 0. Is t a prime number?
True
Is (-27398 - 1)/(-175 - -174) a prime number?
False
Let f = 9881 - 150. Is f a prime number?
False
Let j = -4229 + 9136. Is j composite?
True
Suppose -5*d + t + 115034 = 0, d = -5*t + 16765 + 6247. Is d a composite number?
True
Let c(q) = -338*q + 5. Let o(j) = 337*j - 6. Let g(u) = -5*c(u) - 4*o(u). Is g(2) composite?
False
Let v(t) = -133*t**2 + 12*t + 10. Let d(x) = -44*x**2 + 4*x + 3. Let s(q) = -7*d(q) + 2*v(q). Suppose 4*w - 12 = -2*l - 0*l, -l = 4*w - 14. Is s(w) prime?
False
Is 16/(2288/26715) - 2/(-11) composite?
True
Suppose -3*f + 2*l + 3790 = 0, 2*f + 4*l + 2540 = 4*f. Suppose -2*s = n - 315, -5*s = -3*n - n + f. Suppose -a = 7*h - 2*h - n, 1483 = 5*a + 2*h. Is a prime?
False
Let p = 3 - 4. Let s(u) = -440*u - 1. Let r(d) = 2199*d + 6. Let c(i) = 2*r(i) + 11*s(i). Is c(p) a composite number?
False
Is (-152834)/7*(-1477)/422 prime?
False
Let l(c) = c**2 + 0*c**2 + 3*c**3 - 5*c**2 - 2*c**3 - 5 - 5*c. Let q be l(5). Let t = 72 + q. Is t a composite number?
False
Let x(r) = 41*r**2 - 24*r + 120. Is x(7) a prime number?
False
Is 14 + -7 + (-4608)/(-3) a composite number?
False
Let x be (0/(-1))/(-3 + 4). Suppose 2*k + u - 510 = x, 972 = 5*k - 5*u - 333. Is k prime?
True
Suppose -17599 = -6*o - 6517. Is o a composite number?
False
Let k(h) = 119*h + 6*h + 58*h + 3 - 19*h. Let z be (0 - -6)*(-1)/(-3). Is k(z) a composite number?
False
Let d(i) = 568*i + 329. Is d(15) prime?
True
Let m = 75 - -4. Let w(i) = -i**2 + 3*i - 2. Let k be w(2). Suppose k = -2*j - y + m, -3*j - y + 53 = -65. Is j prime?
False
Let x(v) = -43477*v + 155. Is x(-2) a prime number?
False
Is ((-3096610)/(-165))/(2/3) composite?
False
Let f(n) = 8*n**2 + 14*n + 9. Let i be f(-9). Suppose 5*t - i = 2*t. Is t prime?
False
Is ((-2)/(-8) - 2338197/(-204)) + 5 a composite number?
False
Let x(n) = 340*n**2 + n + 1. Let d be x(-1). Let w = 284 - 281. Suppose 5*q = -w*t + 1010, -3*q = t + 2*q - d. Is t composite?
True
Let v(x) = -4*x**3 + 2*x**2 - 11*x - 31. Is v(-6) a prime number?
True
Let t = -56 + 30. Suppose -68 - 6 = -2*w. Let c = t + w. Is c a composite number?
False
Suppose -30*s - 159318 = -48*s. Is s prime?
False
Suppose 0 = 20*j - 48529 - 16131. Is j prime?
False
Let p(u) = -2461*u - 51. Is p(-4) a prime number?
False
Let s(q) = 2*q - 3 + 18 - 3 - 3*q. Let j be s(10). Is ((-7)/j)/(3/(-258)) a prime number?
False
Suppose 12*f = 15*f - 2241. Let y = f + -478. Is y a prime number?
True
Suppose -158506 = -59*o + 184461. Is o a composite number?
False
Suppose 6*w + 3*v - 4*v - 34643 = 0, 5783 = w - 2*v. Is w prime?
False
Suppose 21*x = 999 + 7569. Is (1 - 5 - -3) + x a prime number?
False
Suppose 5*m + 49 = n + 9, 4*n = 3*m + 160. Suppose -o + n = 4*h + 14, -h = o - 14. Let v(s) = -s**3 + 13*s**2 - 4*s + 14. Is v(o) a composite number?
True
Let n(v) be the second derivative of 99*v**3/2 + 6*v**2 - v. Is n(1) a prime number?
False
Let c(w) = 19216*w + 15. Is c(2) composite?
False
Let x be 9/((5/(-470))/((-2)/4)). Suppose -u = -2*o - x, 0*o + 2103 = 5*u - 4*o. Is u a composite number?
False
Let n(s) be the third derivative of -67*s**7/1680 - s**5/10 - 3*s**2. Let f(v) be the third derivative of n(v). Is f(-1) prime?
False
Is (-1 + -1661)/(-1) - 160/32 a prime number?
True
Suppose -6*r + 10383 + 20079 = 0. Is r a prime number?
True
Suppose 3*q - 9 = -p, 5*p - 3*q - 5 = 2*q. Let x(w) = 1261*w - 28. Is x(p) a prime number?
False
Let y be -49 - 6 - (-10)/(-2). Let m = -29 + 20. Let u = m - y. Is u a prime number?
False
Suppose 2*j + 2 = 6. Suppose j*w - 5*u = 699, -u - u - 1695 = -5*w. Is w a prime number?
True
Let y be (-2 - (0 - -2)) + 0. Let z(l) = 17*l**2 - 9*l + 3. Let n(h) = h**2 - h. Let f(p) = -5*n(p) + z(p). Is f(y) composite?
False
Let r(t) = 2*t**2 + 5*t - 9. Let d(j) = 3*j**2 + 11*j - 17. Let i(f) = -2*d(f) + 5*r(f). Is i(-12) prime?
False
Suppose -1098 = 6*c - 8970. Let u = 34 + c. Is u prime?
False
Let f = -391 + 2444. Is f a prime number?
True
Let n be (111/(-9))/(2/(-18)). Suppose 2605 = 4*h - n. Is h prime?
False
Let m(t) = 3964*t + 25. Is m(1) a prime number?
True
Let z(s) be the first derivative of -5*s**4/4 + 4*s**3/3 - s**2 + 5*s + 4. Let v(f) = -6*f**3 + 3*f**2 - 2*f + 4. Let l(h) = 4*v(h) - 5*z(h). Is l(10) prime?
True
Let w be (-12102)/(-11) - 6/33. Suppose t = -4*t - w. Let r = -97 - t. Is r prime?
False
Let y(n) = n**3 - 4*n**2 - 8*n + 3. Let w be y(-7). Let l = 49 + w. Let f = l - -652. Is f a composite number?
True
Suppose -107 = -5*f + 1048. Suppose 0 = -5*q + 1 - 11. Is q/(-4) + f/6 a composite number?
True
Suppose -w - 4*g = -3345, 4*w + 0*g - 2*g = 13470. Suppose 2*s = -3*s - 4*m + 3365, 0 = 5*s - 4*m - w. Is s a prime number?
True
Let a(q) = -2*q - 7*q + q. Let v be a(1). Is (-3350)/v - 1/(-4) prime?
True
Let k(v) = -6*v**3 - 11*v**2 - 22*v + 10. Is k(-8) a prime number?
False
Is (-3 - -2)*(-37044 - (-6 - -11)) a prime number?
True
Let v = -403 - -1544. Is v prime?
False
Suppose 6*j = 1620 + 27546. Is j prime?
True
Let a = 3611 - 1464. Is a a composite number?
True
Suppose 14825 = 5*c - 66450. Is c a composite number?
True
Let d be -3 - 1520 - (-3 + 6). Let z = -895 - d. Is z a composite number?
False
Is 13262/3 - (-22)/66 a composite number?
False
Let j = 11184 - 4715. Is j composite?
False
Let q(z) = 6*z - 6. Let x(s) = s**2 - 16*s - 22. Let d be x(17). Let f(n) = 5*n - 5. Let o(c) = d*f(c) + 6*q(c). Is o(12) a composite number?
True
Is (1/4)/(3/41028) a composite number?
True
Let c(o) = -o**3 - 12*o**2 + 33*o - 19. Is c(-20) composite?
False
Let v(i) = 140*i**2 + i + 1. Suppose -2 = 3*o - 5*y + 10, -3*y = 0. Let g be v(o). Suppose -g = -4*c - 5*p, -4*c + 5*p + 578 = -3*c. Is c prime?
True
Suppose -4*x + u = -399823, 523245 = 4*x - 2*u + 123419. Is x composite?
True
Suppose 0 = l - 8 + 5. Suppose 0 = 3*r + l*r. Suppose -6*k - 89 + 581 = r. Is k prime?
False
Suppose 5*a - 4027 = -3*y, 7*a = 5*a + 5*y + 1586. Is a a prime number?
False
Suppose -4*u = x - 45653 + 14644, 0 = 5*u. Is x composite?
True
Suppose 6 = 3*f - 0. Suppose -k - f*k + 273 = 0. Is k composite?
True
Let o(r) = 232*r**3 + 4*r**2 - 2*r - 3. Let y be o(3). Suppose 2*a + j + 5040 = 6*a, -5*a = j - y. Is a prime?
True
Let h be (-3 + -50 + 0)*15. Let o = h - -537. Is (6/(-9))/(4/o) prime?
True
Suppose 5*z = 2*z. Is -3 + ((-1584)/(-4) - z) prime?
False
Let m(l) = -2*l + 4. Let s be m(5). Is (-466)/s + (-40)/60 a composite number?
True
Let b be 1 + -6 - (-5)/5. Let q(y) = y**2 + 5*y + 5. Let o be q(b). Is (-11)/(o/(-3 + 1)) a prime number?
False
Suppose 5*n - 47 = 23. Suppose n*d = 1